 g(v) = 97*v**2 + v. What are the prime factors of g(l)?
2, 7
Let a(l) = 3*l**2 + 14*l + 10. Let j = -65 - -57. What are the prime factors of a(j)?
2, 3, 5
Suppose 0*v - 4*v + 84 = 0. Suppose -l = -3*d - 42, -4*d = 6*l - 5*l - v. List the prime factors of l.
3, 11
Let u = -118 + 690. What are the prime factors of u?
2, 11, 13
Let t(m) be the second derivative of -m**3/2 - 2*m**2 - m. Suppose 3*j - 2 = -5*f, 4*j = 5*f - 11 - 33. What are the prime factors of t(j)?
2, 7
Let o(h) = 1695*h**2 + 2*h + 7. List the prime factors of o(-1).
2, 5, 17
Suppose h - 8638 = -5*c - 0*h, -5*c + 4*h + 8623 = 0. List the prime factors of c.
11, 157
Let h(r) = 6*r**3 - r**2 - 11*r + 29. List the prime factors of h(4).
353
Let u = 12 + -9. Suppose -u*q + 10 = 25, 3*q = -3*a - 9. List the prime factors of 110/(-4)*(-4 + a).
5, 11
What are the prime factors of -2 + 4 + 1062 + -23 + 26?
11, 97
Suppose p = -2, -18*w + 21850 = -13*w - 5*p. List the prime factors of w.
2, 3, 7, 13
Suppose 908 = g - 2*i, g - 4480 = -4*g - 2*i. List the prime factors of g.
2, 449
Let p(r) = 6*r**2 + 3. Let u(c) = -13*c**2 - 7 - c + 7*c + 5*c - 10*c. Let f(o) = 5*p(o) + 2*u(o). What are the prime factors of f(2)?
3, 7
Let d(p) = 5*p - 3. Let f(a) = 6*a - 4. Let h = -27 - -24. Let l(u) = h*d(u) + 2*f(u). List the prime factors of l(-11).
2, 17
Let g = -39 - -39. Suppose 4*m - 264 = -r, g = 2*r - 5*r + 12. List the prime factors of m.
5, 13
Suppose -66*d - 15 = -71*d. Suppose 5*h + 2*z = 673, -d*z + 401 = 3*h + z. List the prime factors of h.
3, 5
Let a(m) = 39*m + 67. Let i(z) = -39*z - 66. Let x(q) = 2*a(q) + 3*i(q). What are the prime factors of x(-7)?
11, 19
Let w be (-518)/(-4) - 12/8. Suppose u - 3*u + 184 = -3*l, -4*u - 3*l = -350. Let b = w - u. What are the prime factors of b?
3, 13
Let b(m) = m**2 + 5*m - 12. Let p(x) = x**2 - x - 8. Let w be p(-3). Let f be b(w). What are the prime factors of (-466)/(-10) - f/(-60)?
47
Suppose -30*t + 188 + 25792 = 0. What are the prime factors of t?
2, 433
Let j(b) = -b**3 + 5*b**2 + 8*b + 6. Let x be j(7). Let k = 27 - -9. List the prime factors of 656/k + 8/x.
2, 3
Let o be (-4)/(-6) + (-28)/(-21). Let k be 5/(-3 + 5/o). List the prime factors of (-4)/(8/k) + 0.
5
Let c = -60 + 60. Suppose -4*s - 4*p + 312 = c, s - 94 = -11*p + 6*p. What are the prime factors of s?
2, 37
What are the prime factors of (-13902)/(-10) - (-126)/(-105)?
3, 463
What are the prime factors of (1 - 17436/3)*(-8)/12?
2, 13, 149
Let t be (-3 - -5) + (-4)/(-4). Suppose -5*w - 4*r + 1188 = 0, w - 4*r = -t*r + 243. Suppose d + 179 = 3*k - 0*d, w = 4*k - d. What are the prime factors of k?
61
Let h = 828 + -494. What are the prime factors of h?
2, 167
Suppose -b - 802 - 753 = -p, b + 3105 = 2*p. What are the prime factors of p?
2, 5, 31
Suppose 5*m + 4*h - 3*h = 1505, 0 = -4*m - h + 1205. Suppose 2*i = q - 70, m = 6*q - 2*q + 2*i. List the prime factors of q.
2, 37
What are the prime factors of 1013/3 + (-90)/135?
337
Let t(z) = 3*z**3 + 6*z**2 - 33*z + 41. What are the prime factors of t(10)?
7, 11, 43
List the prime factors of (63/(-2))/(59/(-1534)).
3, 7, 13
Let a = 28 - 32. Let x = a + 1. Let d(w) = -19*w + 6. What are the prime factors of d(x)?
3, 7
List the prime factors of (28666/88)/(2/8).
1303
Let p be 224/(-22) + (-18)/(-99). Let v = -5 - p. Suppose 0 = -5*d - 3*y + 6*y + 87, v*d - 67 = -2*y. List the prime factors of d.
3, 5
Let c(r) = r + 284. List the prime factors of c(-53).
3, 7, 11
Let o(y) = 4*y + 43. List the prime factors of o(9).
79
Let t be 2/(-9) - (-2355)/27. Suppose -4*z - t = -475. List the prime factors of z.
97
Suppose 16*c - 20*c = 4. List the prime factors of 2*c/(-2) + -2 + 31.
2, 3, 5
Let v(t) = 43*t**3 - 5*t**2 - 5*t + 4. What are the prime factors of v(3)?
5, 13, 17
Let w = 23 - 41. Let c be (-10)/(-45) - 68/w. Suppose -2*n + 46 = 2*z, -4*n - 64 = -c*z + 68. List the prime factors of z.
2, 7
Let a(n) = 602*n + 28. List the prime factors of a(3).
2, 7, 131
Let d = 25 - 22. Suppose -2*w + 3*y = -d*w - 12, 20 = -5*y. Suppose 15 = -5*c, 3*f + f + 5*c - 165 = w. What are the prime factors of f?
3, 5
Let p(w) = 2*w**3 - 3*w**2 + 3*w**2 + 66 - w**3. List the prime factors of p(0).
2, 3, 11
Let u(m) = m**3 + 18*m**2 - 21*m - 36. Let h be u(-19). Let i(o) = 4*o**2 - 2*o - 3. List the prime factors of i(h).
3
What are the prime factors of 4/(-44) - 20022/(-22)?
2, 5, 7, 13
Suppose -689 - 173 = -4*v - 3*w, -657 = -3*v + 3*w. What are the prime factors of v?
7, 31
Suppose 5*l - 10179 = 16*c - 14*c, l - 2*c = 2039. List the prime factors of l.
5, 11, 37
Suppose -3*v - 2*a = -9834, 2*v + 2295 - 8852 = -a. Suppose -27*s + v = -11*s. What are the prime factors of s?
5, 41
Let q be 10/4 - 13/26. Suppose 0 = -q*p + 113 + 237. List the prime factors of p.
5, 7
Let x = 42 + -42. Suppose -y + 3*y = 4*k - 30, x = -2*k + 3*y + 13. List the prime factors of k.
2
Suppose 0 = -27*x + 1743 + 6141. List the prime factors of x.
2, 73
Let x(i) = -i**2 + 20*i + 26. Let n be x(21). Suppose 3*f = 5*u - 789, 2*f + 162 = n*u - 4*u. What are the prime factors of u?
2, 3, 13
Suppose 3 = 4*k - 1. Let p be k/(16/(-20) - -1). Suppose -a + 150 = 5*j, 2*a = 4*j + p - 111. What are the prime factors of j?
29
Let v(u) = -156*u + 125. List the prime factors of v(-7).
1217
Let n = 38 + -36. Suppose -120 = -n*l + 66. What are the prime factors of l?
3, 31
Suppose -6*o + 336 = -2814. Suppose -5*k - 5*h = -o, -4*k - 3*h = -4*h - 430. What are the prime factors of k?
107
Let s = 3 + 10. What are the prime factors of 13*(-1 + (s - 4))?
2, 13
What are the prime factors of 182/10 - 60/(-75)*1?
19
Let d = -29 - -21. Let h be -4*4/d - -22. List the prime factors of ((-28)/12)/((-1)/h).
2, 7
List the prime factors of -2380*(-8 - -3 - (-92)/20).
2, 7, 17
Let f(u) = 97*u**3. Let j be f(1). Suppose 5*d = 98 + j. What are the prime factors of d?
3, 13
What are the prime factors of 0 - 1376/(-6 - -4)?
2, 43
Suppose -17*m = -16*m - 8. Suppose 72 = -0*c + m*c. List the prime factors of c.
3
Let t(j) be the third derivative of -j**4/4 + 13*j**3/3 - 2*j**2. What are the prime factors of t(-14)?
2, 5, 11
Let h be 2 - (-4 - (0 - 261)). Let y = -107 - h. What are the prime factors of y?
2, 37
Let u(p) be the second derivative of 4*p**3 + 8*p**2 - 56*p. What are the prime factors of u(13)?
2, 41
List the prime factors of 2529/(35/7 + -4).
3, 281
Let j(i) = i + 6. Let b be j(-4). Suppose 3*a + 41 = 4*h - 2*a, 0 = -5*h + b*a + 47. What are the prime factors of (-42)/(-4)*6/h?
7
Suppose n + 45 = 4*r - r, 3*n + 135 = 2*r. What are the prime factors of ((-2168)/(-36) - (-10)/n) + 3?
3, 7
Suppose 10 = -2*f, 3*c - 1 = 5*c - 3*f. Let v be (-28)/c - (-2)/4. Suppose -7*l + v*l + 63 = 0. List the prime factors of l.
3, 7
List the prime factors of ((-193356)/(-24))/41*4/3.
2, 131
Let z = 637 - 631. Let p(c) be the first derivative of c**2/2 + 20*c - 1. What are the prime factors of p(z)?
2, 13
Let c(i) = 12*i**3 + 2*i**2 + 3*i - 4. Let q be c(-2). Let u = q + 150. List the prime factors of u.
2, 13
Let g(n) = 33 - 38 - 3*n + 2*n. List the prime factors of g(-7).
2
Let a(w) be the second derivative of 11*w**4/12 + w**2/2 - 45*w. What are the prime factors of a(3)?
2, 5
Let g = -29 + 31. Let v(w) = w**3 + 2*w - 3. Let s be v(g). Suppose -4*y + s = 2*o - 27, -5*y = 2*o - 34. What are the prime factors of o?
2, 11
List the prime factors of (1*(0 + -1))/((-21)/30849).
13, 113
List the prime factors of (-7)/14*10 + 591.
2, 293
Let x(t) = -364*t + 4. Let c be x(-1). Suppose 72 = 5*n - c. List the prime factors of n.
2, 11
Suppose -184*f + 16920 = -178*f. What are the prime factors of f?
2, 3, 5, 47
Suppose 2*y - 11*i + 12*i - 393 = 0, 5*i + 15 = 0. What are the prime factors of y?
2, 3, 11
Let w = 965 + -398. What are the prime factors of w?
3, 7
Let m(a) = -152*a**3 + a**2 + a. Let n be m(-1). Suppose -12 + n = 4*o. List the prime factors of o.
5, 7
List the prime factors of 5/((-3)/(18852/(-20))).
1571
Let k(u) be the second derivative of -u**5/10 - u**4/6 + u**3/2 - u**2 - u. Suppose 24 = -3*v + 3*x, 0 = 4*v + 2*x + 2. What are the prime factors of k(v)?
5
Let t = -41 + 119. List the prime factors of t.
2, 3, 13
Let q(j) = 11*j**2 - 69*j - 10. What are the prime factors of q(19)?
2, 5, 53
Suppose -2*z = 3*z - 2*w - 310, 2